{"id":948,"date":"2020-09-14T07:57:05","date_gmt":"2020-09-14T07:57:05","guid":{"rendered":"https:\/\/totemguard.com\/netsupport-school\/?page_id=948"},"modified":"2026-01-13T11:46:39","modified_gmt":"2026-01-13T11:46:39","slug":"chromebook","status":"publish","type":"page","link":"https:\/\/totemguard.com\/netsupport-school\/chromebook\/","title":{"rendered":"NetSupport School &#8211; Gesti\u00f3n de aulas ChromeBook"},"content":{"rendered":"<p><img loading=\"lazy\" decoding=\"async\" class=\"op3-element__image op3-element-image__image\" src=\"https:\/\/totemguard.com\/netsupport-school\/wp-content\/uploads\/2014\/10\/totem-guard_grande-2.png\" alt=\"Banner general\" title=\"Banner general\" width=\"1000\" height=\"175\" data-op3-attachment-id=\"\" \/><img loading=\"lazy\" decoding=\"async\" class=\"op3-element__image op3-element-image__image\" src=\"https:\/\/www.totemguard.com\/img\/NetSupport-School\/NetSupport-School.png\" alt=\"\" title=\"\" width=\"202\" height=\"47\" data-op3-attachment-id=\"\" \/><\/p>\n<h2>NetSupport School para Google Chrome<\/h2>\n<h2>Funcionalidades principales<\/h2>\n<p>Ve una miniatura clara y transparente de cada una de las m\u00e1quinas de los estudiantes en una \u00fanica vistaEnv\u00eda una encuesta instant\u00e1nea o pide a los estudiantes que expresen su opini\u00f3n y muestra los resultados en tiempo realMuestra tu pantalla de profesor. Garantiza la atenci\u00f3n y la concentraci\u00f3n de los estudiantes durante las presentaciones &#8216;mostrando&#8217; tu escritorio en las pantallas de los estudiantes seleccionados.<a aria-label=\"Image Link\" class=\"op3-element__link op3-element-image__link op3-link op3-element__tcp--non-a\" href=\"https:\/\/totemguard.com\/netsupport-school\/wp-content\/uploads\/2023\/07\/Thumbnail-View.png\" target=\"_self\"  data-op-action=\"link\" data-op-select-funnel-step=\"\" data-op3-smooth-scroll=\"\"><img loading=\"lazy\" decoding=\"async\" class=\"op3-element__image op3-element-image__image\" src=\"https:\/\/totemguard.com\/netsupport-school\/wp-content\/uploads\/2023\/07\/Thumbnail-View.png\" alt=\"Vista de miniaturas\" title=\"Vista de miniaturas\" width=\"3456\" height=\"2064\" data-op3-attachment-id=\"1914\" \/><\/a><a aria-label=\"Image Link\" class=\"op3-element__link op3-element-image__link op3-link op3-element__tcp--non-a\" href=\"https:\/\/totemguard.com\/netsupport-school\/wp-content\/uploads\/2023\/07\/Chatv15.png\" target=\"_self\"  data-op-action=\"link\" data-op-select-funnel-step=\"\" data-op3-smooth-scroll=\"\"><img loading=\"lazy\" decoding=\"async\" class=\"op3-element__image op3-element-image__image\" src=\"https:\/\/totemguard.com\/netsupport-school\/wp-content\/uploads\/2023\/07\/Chatv15.png\" alt=\"Chat v15\" title=\"Chat v15\" width=\"1080\" height=\"735\" data-op3-attachment-id=\"1967\" \/><\/a>Muestra una aplicaci\u00f3n a los estudiantes seleccionados.Herramienta Solicitud de ayuda: los estudiantes pueden enviarte una solicitud de ayudaEnv\u00eda un mensaje para llamar su atenci\u00f3n o una instrucci\u00f3n a cada una de las m\u00e1quinas de los estudiantesCon\u00e9ctate a los alumnos a partir de su direcci\u00f3n de correo o su nombre de usuarioCompatibilidad con varios monitores. Si est\u00e1s utilizando varios monitores, puedes seleccionar una \u00fanica pantalla para mostrarla a los estudiantes o mostrarlas todas.Puedes realizar una presentaci\u00f3n para los estudiantes en una pesta\u00f1a del navegador o en modo de pantalla completa.Bloquea los sitios web no autorizados.Visualiza las webs que tienen los alumnos abiertas en la vista detallada del alumnoUtiliza \u00fanicamente los sitios web autorizados.Bloquea el acceso a Internet.Inicia un sitio web en Student Chromebook.Cierra un sitio web en Student Chromebook.Bloquea el acceso a FTP.Ve los detalles del sitio web que est\u00e1n viendo los estudiantes actualmente.P\u00eddeles a los estudiantes que se registren al comienzo de cada clase.3 modos para agrupar estudiantes por aula para permitir la gesti\u00f3n de estudiantes m\u00f3viles.<a aria-label=\"Image Link\" class=\"op3-element__link op3-element-image__link op3-link op3-element__tcp--non-a\" href=\"https:\/\/totemguard.com\/netsupport-school\/wp-content\/uploads\/2022\/01\/The_Chrome_OS_logo_as_of_2020.png\" target=\"_self\"  data-op-action=\"link\" data-op-select-funnel-step=\"\" data-op3-smooth-scroll=\"0\"><img loading=\"lazy\" decoding=\"async\" class=\"op3-element__image op3-element-image__image\" src=\"https:\/\/totemguard.com\/netsupport-school\/wp-content\/uploads\/2022\/01\/The_Chrome_OS_logo_as_of_2020.png\" alt=\"\" title=\"The_Chrome_OS_logo_as_of_2020\" width=\"200\" height=\"200\" data-op3-attachment-id=\"1557\" \/><\/a><a aria-label=\"Image Link\" class=\"op3-element__link op3-element-image__link op3-link op3-element__tcp--non-a\" href=\"https:\/\/totemguard.com\/netsupport-school\/wp-content\/uploads\/2023\/07\/Website-Metering-min.png\" target=\"_self\"  data-op-action=\"link\" data-op-select-funnel-step=\"\" data-op3-smooth-scroll=\"\"><img loading=\"lazy\" decoding=\"async\" class=\"op3-element__image op3-element-image__image\" src=\"https:\/\/totemguard.com\/netsupport-school\/wp-content\/uploads\/2023\/07\/Website-Metering-min.png\" alt=\"Monitorizacion Web\" title=\"Monitorizacion Web\" width=\"3390\" height=\"2064\" data-op3-attachment-id=\"1941\" \/><\/a><a aria-label=\"Image Link\" class=\"op3-element__link op3-element-image__link op3-link op3-element__tcp--non-a\" href=\"https:\/\/totemguard.com\/netsupport-school\/wp-content\/uploads\/2023\/07\/Approved-websites.png\" target=\"_self\"  data-op-action=\"link\" data-op-select-funnel-step=\"\" data-op3-smooth-scroll=\"0\"><img loading=\"lazy\" decoding=\"async\" class=\"op3-element__image op3-element-image__image\" src=\"https:\/\/totemguard.com\/netsupport-school\/wp-content\/uploads\/2023\/07\/Approved-websites.png\" alt=\"Approved-websites\" title=\"Approved-websites\" width=\"1366\" height=\"768\" data-op3-attachment-id=\"1978\" \/><\/a><\/p>\n<h2>Instalaci\u00f3n y requisitos previos<\/h2>\n<p>Para que un profesor pueda supervisar e interactuar con sus estudiantes mediante Google Chromebooks, el servidor de nombres y conectividad de NetSupport ha de estar instalado en un servidor Windows Server. <\/p>\n<p>El Tutor de NetSupport School ha de instalarse en el equipo Windows del profesor y la extensi\u00f3n NetSupport School Student en cada uno de los Chromebooks de los estudiantes.<\/p>\n<p>El estudiante NetSupport School para Chrome OS se puede usar con las licencias existentes de NetSupport School que haya adquirido: siempre que disponga de un n\u00famero suficiente de licencias sin usar o puede adquirir otras licencias de estudiante s\u00f3lo para Chrome a un precio reducido.<\/p>\n<h2>Documentaci\u00f3n<\/h2>\n<p><img loading=\"lazy\" decoding=\"async\" class=\"op3-element__image op3-element-image__image\" src=\"https:\/\/totemguard.com\/netsupport-servicedesk\/wp-content\/themes\/optimizePressTheme\/lib\/assets\/images\/file_download\/icons\/style1-Pdf-64x64.png\" alt=\"\" title=\"\" width=\"64\" height=\"64\" data-op3-attachment-id=\"\" \/><\/p>\n<p><a href=\"https:\/\/totemguard.com\/netsupport-school\/wp-content\/uploads\/2024\/02\/NSS_NCS_Config.pdf\" target=\"_blank\">Configurar NetSupport School en entorno Chromebook<\/a><\/p>\n<p><img loading=\"lazy\" decoding=\"async\" class=\"op3-element__image op3-element-image__image\" src=\"https:\/\/totemguard.com\/netsupport-servicedesk\/wp-content\/themes\/optimizePressTheme\/lib\/assets\/images\/file_download\/icons\/style1-Pdf-64x64.png\" alt=\"\" title=\"\" width=\"64\" height=\"64\" data-op3-attachment-id=\"\" \/><\/p>\n<p><a href=\"https:\/\/www.netsupportschool.com\/nss-pdfs\/nss-student-extension-for-google-chrome.pdf\" target=\"_blank\">Opciones de conectividad<\/a><\/p>\n<h3>GESTIONA TU AULA DESDE PC Windows<\/h3>\n<h3>Descarga gratuitamente una versi\u00f3n de evaluaci\u00f3n de 30 d\u00edas<\/h3>\n<p><a aria-label=\"Image Link\" class=\"op3-element__link op3-element-image__link op3-link op3-element__tcp--non-a\" href=\"https:\/\/totemguard.com\/netsupport-school\/wp-content\/uploads\/2023\/07\/Surveys-min.png\" target=\"_self\"  data-op-action=\"link\" data-op-select-funnel-step=\"\" data-op3-smooth-scroll=\"0\"><img loading=\"lazy\" decoding=\"async\" class=\"op3-element__image op3-element-image__image\" src=\"https:\/\/totemguard.com\/netsupport-school\/wp-content\/uploads\/2023\/07\/Surveys-min.png\" alt=\"Encuestas v15\" title=\"Encuestas v15\" width=\"3664\" height=\"2064\" data-op3-attachment-id=\"1956\" \/><\/a>He le\u00eddo y acepto la&nbsp;<a href=\"https:\/\/totemguard.com\/politica-de-privacidad\/\" target=\"_blank\" style=\"background-color: rgb(255, 255, 255); font-family: &quot;IBM Plex Sans&quot;, sans-serif;\">pol\u00edtica de privacidad<\/a><a aria-label=\"Button link\" href=\"#\" class=\"op3-element__tcp--non-a op3-link op3-background-ancestor\" target=\"_self\"  data-op-action=\"link\" data-op-select-funnel-step=\"\" data-op3-smooth-scroll=\"0\" data-op-effect-style=\"\" data-op-effect-style-hover=\"\" data-op-courseaction=\"\">Prueba 30 d\u00edas Gratiso ll\u00e1manos en el 932000088 para m\u00e1s informaci\u00f3n<\/a><\/p>\n<p>Contacta con nosotros:<\/p>\n<p>Ronda General Mitre 126, Planta 6<br \/>\n08021 Barcelona<\/p>\n<p>Tel. 93 200 00 88<\/p>\n<p>comercial@totemguard.com<\/p>\n<p>Nuestros productos<\/p>\n<p><img loading=\"lazy\" decoding=\"async\" class=\"op3-element__image op3-element-image__image\" src=\"https:\/\/totemguard.com\/img\/totemfootericons\/dnaico.png\" alt=\"DNA Icon\" title=\"\" width=\"512\" height=\"256\" data-op3-attachment-id=\"\" \/><\/p>\n<p><a href=\"https:\/\/totemguard.com\/netsupport-dna\/inventario-hardware-software-licencias\/\">NetSupport DNA<\/a><\/p>\n<p><img loading=\"lazy\" decoding=\"async\" class=\"op3-element__image op3-element-image__image\" src=\"https:\/\/totemguard.com\/img\/totemfootericons\/nsmico.png\" alt=\"NSM Ico\" title=\"\" width=\"26\" height=\"26\" data-op3-attachment-id=\"\" \/><\/p>\n<p><a href=\"https:\/\/totemguard.com\/netsupport-manager\/control-remoto-windows-linux-mac\/\">NetSupport Manager<\/a><\/p>\n<p><img loading=\"lazy\" decoding=\"async\" class=\"op3-element__image op3-element-image__image\" src=\"https:\/\/totemguard.com\/img\/totemfootericons\/nssico.png\" alt=\"NSS Ico\" title=\"\" width=\"26\" height=\"26\" data-op3-attachment-id=\"\" \/><\/p>\n<p><a href=\"https:\/\/totemguard.com\/netsupport-school\/control-gestion-aula-tic\/\">NetSupport School<\/a><\/p>\n<p><img loading=\"lazy\" decoding=\"async\" class=\"op3-element__image op3-element-image__image\" src=\"https:\/\/totemguard.com\/img\/totemfootericons\/nsnico.png\" alt=\"NSN Ico\" title=\"\" width=\"26\" height=\"26\" data-op3-attachment-id=\"\" \/><\/p>\n<p><a href=\"https:\/\/totemguard.com\/netsupport-notify\/mensajes-ordenadores-red\/\">NetSupport Notify<\/a><\/p>\n<\/p>\n<p><img loading=\"lazy\" decoding=\"async\" class=\"op3-element__image op3-element-image__image\" src=\"https:\/\/totemguard.com\/img\/totemfootericons\/247connectico.png\" alt=\"247 Ico\" title=\"\" width=\"26\" height=\"26\" data-op3-attachment-id=\"\" \/><\/p>\n<p><a href=\"https:\/\/totemguard.com\/247-connect\/control-remoto-seguro-en-la-nube\/\">NetSupport 247 Connect<\/a><\/p>\n<p><img loading=\"lazy\" decoding=\"async\" class=\"op3-element__image op3-element-image__image\" src=\"https:\/\/totemguard.com\/img\/totemfootericons\/logo-icon-color-compass.png\" alt=\"OA Compass ico\" title=\"\" width=\"26\" height=\"26\" data-op3-attachment-id=\"\" \/><\/p>\n<p><a href=\"https:\/\/totemguard.com\/openathens-compass\/gestion-centralizada-recursos-electronicos\/\">OpenAthens Compass<\/a><\/p>\n<p><img loading=\"lazy\" decoding=\"async\" class=\"op3-element__image op3-element-image__image\" src=\"https:\/\/totemguard.com\/img\/totemfootericons\/Altaro-logo-1.png\" alt=\"VM Backup Ico\" title=\"\" width=\"26\" height=\"26\" data-op3-attachment-id=\"\" \/><\/p>\n<p><a href=\"https:\/\/totemguard.com\/altaro\/\">Altaro VM Backup<\/a><\/p>\n<p><img loading=\"lazy\" decoding=\"async\" class=\"op3-element__image op3-element-image__image\" src=\"https:\/\/totemguard.com\/img\/totemfootericons\/o-icon-svg-1.png\" alt=\"365 Backup Ico\" title=\"\" width=\"26\" height=\"25\" data-op3-attachment-id=\"\" \/><\/p>\n<p><a href=\"https:\/\/totemguard.com\/altaro\/backup-office-365\/\">365 Total Backup<\/a><\/p>\n<\/p>\n<p><img loading=\"lazy\" decoding=\"async\" class=\"op3-element__image op3-element-image__image\" src=\"https:\/\/totemguard.com\/img\/totemfootericons\/hornetfavicon.png\" alt=\"hornet security ico\" title=\"\" width=\"26\" height=\"26\" data-op3-attachment-id=\"\" \/><\/p>\n<p><a href=\"https:\/\/totemguard.com\/365-total-protection\/\">Total Protection<\/a><\/p>\n<p><img loading=\"lazy\" decoding=\"async\" class=\"op3-element__image op3-element-image__image\" src=\"https:\/\/totemguard.com\/img\/totemfootericons\/hornetfavicon.png\" alt=\"hornet security ico\" title=\"\" width=\"26\" height=\"26\" data-op3-attachment-id=\"\" \/><\/p>\n<p><a href=\"https:\/\/totemguard.com\/security-awareness-training\/\">Security Awareness Service<\/a><\/p>\n<p>  \u00a9  TotemGuard Digital Security &#8211; Ronda General Mitre, 126, Planta 6, 08021 Barcelona &#8211; Tel. 932 00 00 88 &#8211;<br \/>\n  <a href=\"https:\/\/www.totemguard.com\/terminos-y-condiciones\"><br \/>\n    Pol\u00edtica de privacidad, Cookies y Aviso Legal<br \/>\n  <\/a><\/p>\n","protected":false},"excerpt":{"rendered":"<p>NetSupport School para Google Chrome Funcionalidades principales Ve una miniatura clara y transparente de cada una de las m\u00e1quinas de los estudiantes en una \u00fanica vistaEnv\u00eda una encuesta instant\u00e1nea o pide a los estudiantes que expresen su opini\u00f3n y muestra los resultados en tiempo realMuestra tu pantalla de profesor. Garantiza la atenci\u00f3n y la concentraci\u00f3n &hellip; <\/p>\n<p class=\"link-more\"><a href=\"https:\/\/totemguard.com\/netsupport-school\/chromebook\/\" class=\"more-link\">Seguir leyendo<span class=\"screen-reader-text\"> \u00abNetSupport School &#8211; Gesti\u00f3n de aulas ChromeBook\u00bb<\/span><\/a><\/p>\n","protected":false},"author":1,"featured_media":0,"parent":0,"menu_order":0,"comment_status":"closed","ping_status":"closed","template":"op_builder_blank","meta":{"footnotes":"","_links_to":"","_links_to_target":""},"class_list":["post-948","page","type-page","status-publish","hentry","entry"],"yoast_head":"<!-- This site is optimized with the Yoast SEO plugin v27.3 - https:\/\/yoast.com\/product\/yoast-seo-wordpress\/ -->\n<title>NetSupport School - Gesti\u00f3n de aulas ChromeBook - TotemGuard<\/title>\n<meta name=\"description\" content=\"NetSupport School ofrece una gesti\u00f3n de aulas Chromebook, podr\u00e1s ver las pantallas de los alumnos, controlar que webs pueden visitar o incluso bloquear sus dispositivos\" \/>\n<meta name=\"robots\" content=\"index, follow, max-snippet:-1, max-image-preview:large, max-video-preview:-1\" \/>\n<link rel=\"canonical\" href=\"https:\/\/totemguard.com\/netsupport-school\/chromebook\/\" \/>\n<meta property=\"og:locale\" content=\"es_ES\" \/>\n<meta property=\"og:type\" content=\"article\" \/>\n<meta property=\"og:title\" content=\"NetSupport School - Gesti\u00f3n de aulas ChromeBook - TotemGuard\" \/>\n<meta property=\"og:description\" content=\"NetSupport School ofrece una gesti\u00f3n de aulas Chromebook, podr\u00e1s ver las pantallas de los alumnos, controlar que webs pueden visitar o incluso bloquear sus dispositivos\" \/>\n<meta property=\"og:url\" content=\"https:\/\/totemguard.com\/netsupport-school\/chromebook\/\" \/>\n<meta property=\"og:site_name\" content=\"TotemGuard\" \/>\n<meta property=\"article:modified_time\" content=\"2026-01-13T11:46:39+00:00\" \/>\n<meta property=\"og:image\" content=\"https:\/\/totemguard.com\/netsupport-school\/wp-content\/uploads\/2014\/10\/totem-guard_grande-2.png\" \/>\n<meta name=\"twitter:card\" content=\"summary_large_image\" \/>\n<meta name=\"twitter:label1\" content=\"Tiempo de lectura\" \/>\n\t<meta name=\"twitter:data1\" content=\"7 minutos\" \/>\n<script type=\"application\/ld+json\" class=\"yoast-schema-graph\">{\"@context\":\"https:\\\/\\\/schema.org\",\"@graph\":[{\"@type\":\"WebPage\",\"@id\":\"https:\\\/\\\/totemguard.com\\\/netsupport-school\\\/chromebook\\\/\",\"url\":\"https:\\\/\\\/totemguard.com\\\/netsupport-school\\\/chromebook\\\/\",\"name\":\"NetSupport School - Gesti\u00f3n de aulas ChromeBook - TotemGuard\",\"isPartOf\":{\"@id\":\"https:\\\/\\\/totemguard.com\\\/netsupport-school\\\/#website\"},\"primaryImageOfPage\":{\"@id\":\"https:\\\/\\\/totemguard.com\\\/netsupport-school\\\/chromebook\\\/#primaryimage\"},\"image\":{\"@id\":\"https:\\\/\\\/totemguard.com\\\/netsupport-school\\\/chromebook\\\/#primaryimage\"},\"thumbnailUrl\":\"https:\\\/\\\/totemguard.com\\\/netsupport-school\\\/wp-content\\\/uploads\\\/2014\\\/10\\\/totem-guard_grande-2.png\",\"datePublished\":\"2020-09-14T07:57:05+00:00\",\"dateModified\":\"2026-01-13T11:46:39+00:00\",\"description\":\"NetSupport School ofrece una gesti\u00f3n de aulas Chromebook, podr\u00e1s ver las pantallas de los alumnos, controlar que webs pueden visitar o incluso bloquear sus dispositivos\",\"breadcrumb\":{\"@id\":\"https:\\\/\\\/totemguard.com\\\/netsupport-school\\\/chromebook\\\/#breadcrumb\"},\"inLanguage\":\"es\",\"potentialAction\":[{\"@type\":\"ReadAction\",\"target\":[\"https:\\\/\\\/totemguard.com\\\/netsupport-school\\\/chromebook\\\/\"]}]},{\"@type\":\"ImageObject\",\"inLanguage\":\"es\",\"@id\":\"https:\\\/\\\/totemguard.com\\\/netsupport-school\\\/chromebook\\\/#primaryimage\",\"url\":\"https:\\\/\\\/totemguard.com\\\/netsupport-school\\\/wp-content\\\/uploads\\\/2014\\\/10\\\/totem-guard_grande-2.png\",\"contentUrl\":\"https:\\\/\\\/totemguard.com\\\/netsupport-school\\\/wp-content\\\/uploads\\\/2014\\\/10\\\/totem-guard_grande-2.png\"},{\"@type\":\"BreadcrumbList\",\"@id\":\"https:\\\/\\\/totemguard.com\\\/netsupport-school\\\/chromebook\\\/#breadcrumb\",\"itemListElement\":[{\"@type\":\"ListItem\",\"position\":1,\"name\":\"Portada\",\"item\":\"https:\\\/\\\/totemguard.com\\\/netsupport-school\\\/control-gestion-aula-tic\\\/\"},{\"@type\":\"ListItem\",\"position\":2,\"name\":\"NetSupport School &#8211; Gesti\u00f3n de aulas ChromeBook\"}]},{\"@type\":\"WebSite\",\"@id\":\"https:\\\/\\\/totemguard.com\\\/netsupport-school\\\/#website\",\"url\":\"https:\\\/\\\/totemguard.com\\\/netsupport-school\\\/\",\"name\":\"TotemGuard\",\"description\":\"Control Gestion Aula Tic\",\"potentialAction\":[{\"@type\":\"SearchAction\",\"target\":{\"@type\":\"EntryPoint\",\"urlTemplate\":\"https:\\\/\\\/totemguard.com\\\/netsupport-school\\\/?s={search_term_string}\"},\"query-input\":{\"@type\":\"PropertyValueSpecification\",\"valueRequired\":true,\"valueName\":\"search_term_string\"}}],\"inLanguage\":\"es\"}]}<\/script>\n<!-- \/ Yoast SEO plugin. -->","yoast_head_json":{"title":"NetSupport School - Gesti\u00f3n de aulas ChromeBook - TotemGuard","description":"NetSupport School ofrece una gesti\u00f3n de aulas Chromebook, podr\u00e1s ver las pantallas de los alumnos, controlar que webs pueden visitar o incluso bloquear sus dispositivos","robots":{"index":"index","follow":"follow","max-snippet":"max-snippet:-1","max-image-preview":"max-image-preview:large","max-video-preview":"max-video-preview:-1"},"canonical":"https:\/\/totemguard.com\/netsupport-school\/chromebook\/","og_locale":"es_ES","og_type":"article","og_title":"NetSupport School - Gesti\u00f3n de aulas ChromeBook - TotemGuard","og_description":"NetSupport School ofrece una gesti\u00f3n de aulas Chromebook, podr\u00e1s ver las pantallas de los alumnos, controlar que webs pueden visitar o incluso bloquear sus dispositivos","og_url":"https:\/\/totemguard.com\/netsupport-school\/chromebook\/","og_site_name":"TotemGuard","article_modified_time":"2026-01-13T11:46:39+00:00","og_image":[{"url":"https:\/\/totemguard.com\/netsupport-school\/wp-content\/uploads\/2014\/10\/totem-guard_grande-2.png","type":"","width":"","height":""}],"twitter_card":"summary_large_image","twitter_misc":{"Tiempo de lectura":"7 minutos"},"schema":{"@context":"https:\/\/schema.org","@graph":[{"@type":"WebPage","@id":"https:\/\/totemguard.com\/netsupport-school\/chromebook\/","url":"https:\/\/totemguard.com\/netsupport-school\/chromebook\/","name":"NetSupport School - Gesti\u00f3n de aulas ChromeBook - TotemGuard","isPartOf":{"@id":"https:\/\/totemguard.com\/netsupport-school\/#website"},"primaryImageOfPage":{"@id":"https:\/\/totemguard.com\/netsupport-school\/chromebook\/#primaryimage"},"image":{"@id":"https:\/\/totemguard.com\/netsupport-school\/chromebook\/#primaryimage"},"thumbnailUrl":"https:\/\/totemguard.com\/netsupport-school\/wp-content\/uploads\/2014\/10\/totem-guard_grande-2.png","datePublished":"2020-09-14T07:57:05+00:00","dateModified":"2026-01-13T11:46:39+00:00","description":"NetSupport School ofrece una gesti\u00f3n de aulas Chromebook, podr\u00e1s ver las pantallas de los alumnos, controlar que webs pueden visitar o incluso bloquear sus dispositivos","breadcrumb":{"@id":"https:\/\/totemguard.com\/netsupport-school\/chromebook\/#breadcrumb"},"inLanguage":"es","potentialAction":[{"@type":"ReadAction","target":["https:\/\/totemguard.com\/netsupport-school\/chromebook\/"]}]},{"@type":"ImageObject","inLanguage":"es","@id":"https:\/\/totemguard.com\/netsupport-school\/chromebook\/#primaryimage","url":"https:\/\/totemguard.com\/netsupport-school\/wp-content\/uploads\/2014\/10\/totem-guard_grande-2.png","contentUrl":"https:\/\/totemguard.com\/netsupport-school\/wp-content\/uploads\/2014\/10\/totem-guard_grande-2.png"},{"@type":"BreadcrumbList","@id":"https:\/\/totemguard.com\/netsupport-school\/chromebook\/#breadcrumb","itemListElement":[{"@type":"ListItem","position":1,"name":"Portada","item":"https:\/\/totemguard.com\/netsupport-school\/control-gestion-aula-tic\/"},{"@type":"ListItem","position":2,"name":"NetSupport School &#8211; Gesti\u00f3n de aulas ChromeBook"}]},{"@type":"WebSite","@id":"https:\/\/totemguard.com\/netsupport-school\/#website","url":"https:\/\/totemguard.com\/netsupport-school\/","name":"TotemGuard","description":"Control Gestion Aula Tic","potentialAction":[{"@type":"SearchAction","target":{"@type":"EntryPoint","urlTemplate":"https:\/\/totemguard.com\/netsupport-school\/?s={search_term_string}"},"query-input":{"@type":"PropertyValueSpecification","valueRequired":true,"valueName":"search_term_string"}}],"inLanguage":"es"}]}},"_links":{"self":[{"href":"https:\/\/totemguard.com\/netsupport-school\/wp-json\/wp\/v2\/pages\/948","targetHints":{"allow":["GET"]}}],"collection":[{"href":"https:\/\/totemguard.com\/netsupport-school\/wp-json\/wp\/v2\/pages"}],"about":[{"href":"https:\/\/totemguard.com\/netsupport-school\/wp-json\/wp\/v2\/types\/page"}],"author":[{"embeddable":true,"href":"https:\/\/totemguard.com\/netsupport-school\/wp-json\/wp\/v2\/users\/1"}],"replies":[{"embeddable":true,"href":"https:\/\/totemguard.com\/netsupport-school\/wp-json\/wp\/v2\/comments?post=948"}],"version-history":[{"count":85,"href":"https:\/\/totemguard.com\/netsupport-school\/wp-json\/wp\/v2\/pages\/948\/revisions"}],"predecessor-version":[{"id":2304,"href":"https:\/\/totemguard.com\/netsupport-school\/wp-json\/wp\/v2\/pages\/948\/revisions\/2304"}],"wp:attachment":[{"href":"https:\/\/totemguard.com\/netsupport-school\/wp-json\/wp\/v2\/media?parent=948"}],"curies":[{"name":"wp","href":"https:\/\/api.w.org\/{rel}","templated":true}]}}