{"id":532,"date":"2020-06-29T17:04:17","date_gmt":"2020-06-29T17:04:17","guid":{"rendered":"https:\/\/www.totemguard.com\/netsupport-notify\/?page_id=532"},"modified":"2026-01-13T12:54:16","modified_gmt":"2026-01-13T12:54:16","slug":"mensajes-ordenadores-red-licenciamiento","status":"publish","type":"page","link":"https:\/\/totemguard.com\/netsupport-notify\/mensajes-ordenadores-red-licenciamiento\/","title":{"rendered":"NetSupport Notify Licenciamiento"},"content":{"rendered":"<p><img loading=\"lazy\" decoding=\"async\" class=\"op3-element__image op3-element-image__image\" src=\"https:\/\/www.totemguard.com\/img\/netsupportNotify\/totemguard-banner.png\" alt=\"\" title=\"\" width=\"512\" height=\"256\" data-op3-attachment-id=\"\" \/><img loading=\"lazy\" decoding=\"async\" class=\"op3-element__image op3-element-image__image\" src=\"https:\/\/www.totemguard.com\/img\/netsupportNotify\/NSN-mini.png\" alt=\"\" title=\"\" width=\"512\" height=\"256\" data-op3-attachment-id=\"\" \/><\/p>\n<h2>NetSupport Notify es una herramienta de compra. Necesitas una licencia para cada equipo al que quieras mandar avisos.<\/h2>\n<p>Te permite enviar notificaciones tanto a equipos de dentro de tu Lan, como en redes remotas. Adem\u00e1s, puedes crear una estructura de servidores redundante, garantizando as\u00ed que mantienes tus comunicaciones aunque un servidor caiga. Por eso, NetSupport Notify es ideal para alertas en situaciones cr\u00edticas.<\/p>\n<p><img loading=\"lazy\" decoding=\"async\" class=\"op3-element__image op3-element-image__image\" src=\"https:\/\/www.totemguard.com\/img\/netsupportNotify\/licenciamiento-logo.png\" alt=\"\" title=\"\" width=\"512\" height=\"256\" data-op3-attachment-id=\"\" \/><\/p>\n<h2>No hay restricciones en el n\u00famero de ordenadores que pueden enviar alertas a los usuarios.<\/h2>\n<p>Los precios son para licencias de software permanentes, incluido el software del servidor de notificaci\u00f3n y mensajer\u00eda ilimitada.<\/p>\n<p>Pricing Table<\/p>\n<p>    .pricing-table-notify {<br \/>\n        width: 100%;<br \/>\n        border-collapse: collapse;<br \/>\n        margin: 20px 0;<br \/>\n        font-family: &#8216;IBM Plex Sans&#8217;, sans-serif; \/* Use IBM Plex Sans *\/<br \/>\nfont-size:20px;<br \/>\n    }<\/p>\n<p>    .pricing-table-notify th, .pricing-table-notify td {<br \/>\n        border: 1px solid #ddd;<br \/>\n        padding: 12px;<br \/>\n        text-align: center;<br \/>\n    }<\/p>\n<p>    .pricing-table-notify th {<br \/>\n        background-color: #8e1010; \/* DarKRed *\/<br \/>\n        color: white; \/* White text *\/<br \/>\n        font-weight: bold;<br \/>\n    }<\/p>\n<p>    .pricing-table-notify tr:nth-child(even) {<br \/>\n        background-color: #f9f9f9;<br \/>\n    }<\/p>\n<p>    .pricing-table-notify tr:hover {<br \/>\n        background-color: #f1f1f1;<br \/>\n    }<\/p>\n<p>    .highlight {<br \/>\n        font-weight: bold;<br \/>\n        color: #2a6496;<br \/>\n    }<\/p>\n<p>    @media screen and (max-width: 600px) {<br \/>\n        .pricing-table-notify {<br \/>\n            border: 0;<br \/>\n        }<\/p>\n<p>        .pricing-table-notify thead {<br \/>\n            display: none;<br \/>\n        }<\/p>\n<p>        .pricing-table-notify tr {<br \/>\n            margin-bottom: 10px;<br \/>\n            display: block;<br \/>\n            border: 1px solid #ddd;<br \/>\n        }<\/p>\n<p>        .pricing-table-notify td {<br \/>\n            display: block;<br \/>\n            text-align: right;<br \/>\n            padding-left: 50%;<br \/>\n            position: relative;<br \/>\n            border-bottom: 1px solid #ddd;<br \/>\n        }<\/p>\n<p>        .pricing-table-notify td:before {<br \/>\n            content: attr(data-label);<br \/>\n            position: absolute;<br \/>\n            left: 12px;<br \/>\n            width: 45%;<br \/>\n            padding-right: 10px;<br \/>\n            text-align: left;<br \/>\n            font-weight: bold;<br \/>\n        }<\/p>\n<p>        .pricing-table-notify td:last-child {<br \/>\n            border-bottom: 0;<br \/>\n        }<br \/>\n    }<\/p>\n<p>        Tama\u00f1o de paquete de licencia<br \/>\n        Precio Total\/Precio Unitario<\/p>\n<p>        Paquete 100 usuarios (Licencia M\u00ednima)<br \/>\n        320\u20ac \/ 3.20\u20ac(unitario)<\/p>\n<p>        Paquete 200 usuarios<br \/>\n        576\u20ac \/ 2.88\u20ac(unitario)<\/p>\n<p>        Paquete 300 usuarios<br \/>\n        816\u20ac \/ 2.72\u20ac(unitario)<\/p>\n<p>        Paquete 500 usuarios<br \/>\n        1280\u20ac \/ 2.56\u20ac(unitario)<\/p>\n<p>        Paquete 750 usuarios<br \/>\n        1800\u20ac \/ 2.40\u20ac(unitario)<\/p>\n<p>        Paquete 1000 usuarios<br \/>\n        2240\u20ac \/ 2.24\u20ac(unitario)<\/p>\n<p>        Paquete 1500 usuarios<br \/>\n        3120\u20ac \/ 2.08\u20ac(unitario)<\/p>\n<p>        Paquete 2000 usuarios<br \/>\n        3200\u20ac \/ 1.60\u20ac(unitario)<\/p>\n<p>        Paquetes adicionales &gt; 2000<br \/>\n        1.60\u20ac (unitario)<\/p>\n<h2>Obt\u00e9n nuestro mantenimiento anual que incluye:<\/h2>\n<p>Soporte t\u00e9cnico telef\u00f3nico ilimitado en espa\u00f1ol, en catal\u00e1n y en ingl\u00e9sNuevas versiones y actualizaciones del software<\/p>\n<p>El 99% de nuestros clientes contrata el mantenimiento anual y opta por renovarlo a\u00f1o tras a\u00f1o.<\/p>\n<p>Contacta con nosotros:<\/p>\n<p>Ronda General Mitre 126, Planta 6<br \/>\n08021 Barcelona<\/p>\n<p>Tel. 93 200 00 88<\/p>\n<p>comercial@totemguard.com<\/p>\n<p>Nuestros productos<\/p>\n<p><img loading=\"lazy\" decoding=\"async\" class=\"op3-element__image op3-element-image__image\" src=\"https:\/\/totemguard.com\/img\/totemfootericons\/dnaico.png\" alt=\"DNA Icon\" title=\"\" width=\"512\" height=\"256\" data-op3-attachment-id=\"\" \/><\/p>\n<p><a href=\"https:\/\/totemguard.com\/netsupport-dna\/inventario-hardware-software-licencias\/\">NetSupport DNA<\/a><\/p>\n<p><img loading=\"lazy\" decoding=\"async\" class=\"op3-element__image op3-element-image__image\" src=\"https:\/\/totemguard.com\/img\/totemfootericons\/nsmico.png\" alt=\"NSM Ico\" title=\"\" width=\"26\" height=\"26\" data-op3-attachment-id=\"\" \/><\/p>\n<p><a href=\"https:\/\/totemguard.com\/netsupport-manager\/control-remoto-windows-linux-mac\/\">NetSupport Manager<\/a><\/p>\n<p><img loading=\"lazy\" decoding=\"async\" class=\"op3-element__image op3-element-image__image\" src=\"https:\/\/totemguard.com\/img\/totemfootericons\/nssico.png\" alt=\"NSS Ico\" title=\"\" width=\"26\" height=\"26\" data-op3-attachment-id=\"\" \/><\/p>\n<p><a href=\"https:\/\/totemguard.com\/netsupport-school\/control-gestion-aula-tic\/\">NetSupport School<\/a><\/p>\n<p><img loading=\"lazy\" decoding=\"async\" class=\"op3-element__image op3-element-image__image\" src=\"https:\/\/totemguard.com\/img\/totemfootericons\/nsnico.png\" alt=\"NSN Ico\" title=\"\" width=\"26\" height=\"26\" data-op3-attachment-id=\"\" \/><\/p>\n<p><a href=\"https:\/\/totemguard.com\/netsupport-notify\/mensajes-ordenadores-red\/\">NetSupport Notify<\/a><\/p>\n<\/p>\n<p><img loading=\"lazy\" decoding=\"async\" class=\"op3-element__image op3-element-image__image\" src=\"https:\/\/totemguard.com\/img\/totemfootericons\/247connectico.png\" alt=\"247 Ico\" title=\"\" width=\"26\" height=\"26\" data-op3-attachment-id=\"\" \/><\/p>\n<p><a href=\"https:\/\/totemguard.com\/247-connect\/control-remoto-seguro-en-la-nube\/\">NetSupport 247 Connect<\/a><\/p>\n<p><img loading=\"lazy\" decoding=\"async\" class=\"op3-element__image op3-element-image__image\" src=\"https:\/\/totemguard.com\/img\/totemfootericons\/logo-icon-color-compass.png\" alt=\"OA Compass ico\" title=\"\" width=\"26\" height=\"26\" data-op3-attachment-id=\"\" \/><\/p>\n<p><a href=\"https:\/\/totemguard.com\/openathens-compass\/gestion-centralizada-recursos-electronicos\/\">OpenAthens Compass<\/a><\/p>\n<p><img loading=\"lazy\" decoding=\"async\" class=\"op3-element__image op3-element-image__image\" src=\"https:\/\/totemguard.com\/img\/totemfootericons\/Altaro-logo-1.png\" alt=\"VM Backup Ico\" title=\"\" width=\"26\" height=\"26\" data-op3-attachment-id=\"\" \/><\/p>\n<p><a href=\"https:\/\/totemguard.com\/altaro\/\">Altaro VM Backup<\/a><\/p>\n<p><img loading=\"lazy\" decoding=\"async\" class=\"op3-element__image op3-element-image__image\" src=\"https:\/\/totemguard.com\/img\/totemfootericons\/o-icon-svg-1.png\" alt=\"365 Backup Ico\" title=\"\" width=\"26\" height=\"25\" data-op3-attachment-id=\"\" \/><\/p>\n<p><a href=\"https:\/\/totemguard.com\/altaro\/backup-office-365\/\">365 Total Backup<\/a><\/p>\n<\/p>\n<p><img loading=\"lazy\" decoding=\"async\" class=\"op3-element__image op3-element-image__image\" src=\"https:\/\/totemguard.com\/img\/totemfootericons\/hornetfavicon.png\" alt=\"hornet security ico\" title=\"\" width=\"26\" height=\"26\" data-op3-attachment-id=\"\" \/><\/p>\n<p><a href=\"https:\/\/totemguard.com\/365-total-protection\/\">Total Protection<\/a><\/p>\n<p><img loading=\"lazy\" decoding=\"async\" class=\"op3-element__image op3-element-image__image\" src=\"https:\/\/totemguard.com\/img\/totemfootericons\/hornetfavicon.png\" alt=\"hornet security ico\" title=\"\" width=\"26\" height=\"26\" data-op3-attachment-id=\"\" \/><\/p>\n<p><a href=\"https:\/\/totemguard.com\/security-awareness-training\/\">Security Awareness Service<\/a><\/p>\n<p>  \u00a9  TotemGuard Digital Security &#8211; Ronda General Mitre, 126, Planta 6, 08021 Barcelona &#8211; Tel. 932 00 00 88 &#8211;<br \/>\n  <a href=\"https:\/\/www.totemguard.com\/terminos-y-condiciones\"><br \/>\n    Pol\u00edtica de privacidad, Cookies y Aviso Legal<br \/>\n  <\/a><\/p>\n","protected":false},"excerpt":{"rendered":"<p>NetSupport Notify es una herramienta de compra. Necesitas una licencia para cada equipo al que quieras mandar avisos. Te permite enviar notificaciones tanto a equipos de dentro de tu Lan, como en redes remotas. Adem\u00e1s, puedes crear una estructura de servidores redundante, garantizando as\u00ed que mantienes tus comunicaciones aunque un servidor caiga. Por eso, NetSupport &hellip; <\/p>\n<p class=\"link-more\"><a href=\"https:\/\/totemguard.com\/netsupport-notify\/mensajes-ordenadores-red-licenciamiento\/\" class=\"more-link\">Seguir leyendo<span class=\"screen-reader-text\"> \u00abNetSupport Notify Licenciamiento\u00bb<\/span><\/a><\/p>\n","protected":false},"author":1,"featured_media":0,"parent":0,"menu_order":0,"comment_status":"closed","ping_status":"closed","template":"op_builder_blank","meta":{"footnotes":"","_links_to":"","_links_to_target":""},"class_list":["post-532","page","type-page","status-publish","hentry","entry"],"yoast_head":"<!-- This site is optimized with the Yoast SEO plugin v27.3 - https:\/\/yoast.com\/product\/yoast-seo-wordpress\/ -->\n<title>NetSupport Notify Licenciamiento - TotemGuard<\/title>\n<meta name=\"description\" content=\"NetSupport Notify es una herramienta de compra. Necesitas una licencia para cada equipo al que quieras mandar avisos.\" \/>\n<meta name=\"robots\" content=\"index, follow, max-snippet:-1, max-image-preview:large, max-video-preview:-1\" \/>\n<link rel=\"canonical\" href=\"https:\/\/totemguard.com\/netsupport-notify\/mensajes-ordenadores-red-licenciamiento\/\" \/>\n<meta property=\"og:locale\" content=\"es_ES\" \/>\n<meta property=\"og:type\" content=\"article\" \/>\n<meta property=\"og:title\" content=\"NetSupport Notify Licenciamiento - TotemGuard\" \/>\n<meta property=\"og:description\" content=\"NetSupport Notify es una herramienta de compra. Necesitas una licencia para cada equipo al que quieras mandar avisos.\" \/>\n<meta property=\"og:url\" content=\"https:\/\/totemguard.com\/netsupport-notify\/mensajes-ordenadores-red-licenciamiento\/\" \/>\n<meta property=\"og:site_name\" content=\"TotemGuard\" \/>\n<meta property=\"article:modified_time\" content=\"2026-01-13T12:54:16+00:00\" \/>\n<meta property=\"og:image\" content=\"https:\/\/www.totemguard.com\/img\/netsupportNotify\/totemguard-banner.png\" \/>\n<meta name=\"twitter:card\" content=\"summary_large_image\" \/>\n<meta name=\"twitter:label1\" content=\"Tiempo de lectura\" \/>\n\t<meta name=\"twitter:data1\" content=\"2 minutos\" \/>\n<script type=\"application\/ld+json\" class=\"yoast-schema-graph\">{\"@context\":\"https:\\\/\\\/schema.org\",\"@graph\":[{\"@type\":\"WebPage\",\"@id\":\"https:\\\/\\\/totemguard.com\\\/netsupport-notify\\\/mensajes-ordenadores-red-licenciamiento\\\/\",\"url\":\"https:\\\/\\\/totemguard.com\\\/netsupport-notify\\\/mensajes-ordenadores-red-licenciamiento\\\/\",\"name\":\"NetSupport Notify Licenciamiento - TotemGuard\",\"isPartOf\":{\"@id\":\"https:\\\/\\\/totemguard.com\\\/netsupport-notify\\\/#website\"},\"primaryImageOfPage\":{\"@id\":\"https:\\\/\\\/totemguard.com\\\/netsupport-notify\\\/mensajes-ordenadores-red-licenciamiento\\\/#primaryimage\"},\"image\":{\"@id\":\"https:\\\/\\\/totemguard.com\\\/netsupport-notify\\\/mensajes-ordenadores-red-licenciamiento\\\/#primaryimage\"},\"thumbnailUrl\":\"https:\\\/\\\/www.totemguard.com\\\/img\\\/netsupportNotify\\\/totemguard-banner.png\",\"datePublished\":\"2020-06-29T17:04:17+00:00\",\"dateModified\":\"2026-01-13T12:54:16+00:00\",\"description\":\"NetSupport Notify es una herramienta de compra. Necesitas una licencia para cada equipo al que quieras mandar avisos.\",\"breadcrumb\":{\"@id\":\"https:\\\/\\\/totemguard.com\\\/netsupport-notify\\\/mensajes-ordenadores-red-licenciamiento\\\/#breadcrumb\"},\"inLanguage\":\"es\",\"potentialAction\":[{\"@type\":\"ReadAction\",\"target\":[\"https:\\\/\\\/totemguard.com\\\/netsupport-notify\\\/mensajes-ordenadores-red-licenciamiento\\\/\"]}]},{\"@type\":\"ImageObject\",\"inLanguage\":\"es\",\"@id\":\"https:\\\/\\\/totemguard.com\\\/netsupport-notify\\\/mensajes-ordenadores-red-licenciamiento\\\/#primaryimage\",\"url\":\"https:\\\/\\\/www.totemguard.com\\\/img\\\/netsupportNotify\\\/totemguard-banner.png\",\"contentUrl\":\"https:\\\/\\\/www.totemguard.com\\\/img\\\/netsupportNotify\\\/totemguard-banner.png\"},{\"@type\":\"BreadcrumbList\",\"@id\":\"https:\\\/\\\/totemguard.com\\\/netsupport-notify\\\/mensajes-ordenadores-red-licenciamiento\\\/#breadcrumb\",\"itemListElement\":[{\"@type\":\"ListItem\",\"position\":1,\"name\":\"Home\",\"item\":\"https:\\\/\\\/www.totemguard.com\\\/netsupport-notify\\\/mensajes-ordenadores-red\\\/\"},{\"@type\":\"ListItem\",\"position\":2,\"name\":\"NetSupport Notify Licenciamiento\"}]},{\"@type\":\"WebSite\",\"@id\":\"https:\\\/\\\/totemguard.com\\\/netsupport-notify\\\/#website\",\"url\":\"https:\\\/\\\/totemguard.com\\\/netsupport-notify\\\/\",\"name\":\"TotemGuard\",\"description\":\"Software de env\u00edo de alertas a trav\u00e9s de la red\",\"potentialAction\":[{\"@type\":\"SearchAction\",\"target\":{\"@type\":\"EntryPoint\",\"urlTemplate\":\"https:\\\/\\\/totemguard.com\\\/netsupport-notify\\\/?s={search_term_string}\"},\"query-input\":{\"@type\":\"PropertyValueSpecification\",\"valueRequired\":true,\"valueName\":\"search_term_string\"}}],\"inLanguage\":\"es\"}]}<\/script>\n<!-- \/ Yoast SEO plugin. -->","yoast_head_json":{"title":"NetSupport Notify Licenciamiento - TotemGuard","description":"NetSupport Notify es una herramienta de compra. Necesitas una licencia para cada equipo al que quieras mandar avisos.","robots":{"index":"index","follow":"follow","max-snippet":"max-snippet:-1","max-image-preview":"max-image-preview:large","max-video-preview":"max-video-preview:-1"},"canonical":"https:\/\/totemguard.com\/netsupport-notify\/mensajes-ordenadores-red-licenciamiento\/","og_locale":"es_ES","og_type":"article","og_title":"NetSupport Notify Licenciamiento - TotemGuard","og_description":"NetSupport Notify es una herramienta de compra. Necesitas una licencia para cada equipo al que quieras mandar avisos.","og_url":"https:\/\/totemguard.com\/netsupport-notify\/mensajes-ordenadores-red-licenciamiento\/","og_site_name":"TotemGuard","article_modified_time":"2026-01-13T12:54:16+00:00","og_image":[{"url":"https:\/\/www.totemguard.com\/img\/netsupportNotify\/totemguard-banner.png","type":"","width":"","height":""}],"twitter_card":"summary_large_image","twitter_misc":{"Tiempo de lectura":"2 minutos"},"schema":{"@context":"https:\/\/schema.org","@graph":[{"@type":"WebPage","@id":"https:\/\/totemguard.com\/netsupport-notify\/mensajes-ordenadores-red-licenciamiento\/","url":"https:\/\/totemguard.com\/netsupport-notify\/mensajes-ordenadores-red-licenciamiento\/","name":"NetSupport Notify Licenciamiento - TotemGuard","isPartOf":{"@id":"https:\/\/totemguard.com\/netsupport-notify\/#website"},"primaryImageOfPage":{"@id":"https:\/\/totemguard.com\/netsupport-notify\/mensajes-ordenadores-red-licenciamiento\/#primaryimage"},"image":{"@id":"https:\/\/totemguard.com\/netsupport-notify\/mensajes-ordenadores-red-licenciamiento\/#primaryimage"},"thumbnailUrl":"https:\/\/www.totemguard.com\/img\/netsupportNotify\/totemguard-banner.png","datePublished":"2020-06-29T17:04:17+00:00","dateModified":"2026-01-13T12:54:16+00:00","description":"NetSupport Notify es una herramienta de compra. Necesitas una licencia para cada equipo al que quieras mandar avisos.","breadcrumb":{"@id":"https:\/\/totemguard.com\/netsupport-notify\/mensajes-ordenadores-red-licenciamiento\/#breadcrumb"},"inLanguage":"es","potentialAction":[{"@type":"ReadAction","target":["https:\/\/totemguard.com\/netsupport-notify\/mensajes-ordenadores-red-licenciamiento\/"]}]},{"@type":"ImageObject","inLanguage":"es","@id":"https:\/\/totemguard.com\/netsupport-notify\/mensajes-ordenadores-red-licenciamiento\/#primaryimage","url":"https:\/\/www.totemguard.com\/img\/netsupportNotify\/totemguard-banner.png","contentUrl":"https:\/\/www.totemguard.com\/img\/netsupportNotify\/totemguard-banner.png"},{"@type":"BreadcrumbList","@id":"https:\/\/totemguard.com\/netsupport-notify\/mensajes-ordenadores-red-licenciamiento\/#breadcrumb","itemListElement":[{"@type":"ListItem","position":1,"name":"Home","item":"https:\/\/www.totemguard.com\/netsupport-notify\/mensajes-ordenadores-red\/"},{"@type":"ListItem","position":2,"name":"NetSupport Notify Licenciamiento"}]},{"@type":"WebSite","@id":"https:\/\/totemguard.com\/netsupport-notify\/#website","url":"https:\/\/totemguard.com\/netsupport-notify\/","name":"TotemGuard","description":"Software de env\u00edo de alertas a trav\u00e9s de la red","potentialAction":[{"@type":"SearchAction","target":{"@type":"EntryPoint","urlTemplate":"https:\/\/totemguard.com\/netsupport-notify\/?s={search_term_string}"},"query-input":{"@type":"PropertyValueSpecification","valueRequired":true,"valueName":"search_term_string"}}],"inLanguage":"es"}]}},"_links":{"self":[{"href":"https:\/\/totemguard.com\/netsupport-notify\/wp-json\/wp\/v2\/pages\/532","targetHints":{"allow":["GET"]}}],"collection":[{"href":"https:\/\/totemguard.com\/netsupport-notify\/wp-json\/wp\/v2\/pages"}],"about":[{"href":"https:\/\/totemguard.com\/netsupport-notify\/wp-json\/wp\/v2\/types\/page"}],"author":[{"embeddable":true,"href":"https:\/\/totemguard.com\/netsupport-notify\/wp-json\/wp\/v2\/users\/1"}],"replies":[{"embeddable":true,"href":"https:\/\/totemguard.com\/netsupport-notify\/wp-json\/wp\/v2\/comments?post=532"}],"version-history":[{"count":64,"href":"https:\/\/totemguard.com\/netsupport-notify\/wp-json\/wp\/v2\/pages\/532\/revisions"}],"predecessor-version":[{"id":1066,"href":"https:\/\/totemguard.com\/netsupport-notify\/wp-json\/wp\/v2\/pages\/532\/revisions\/1066"}],"wp:attachment":[{"href":"https:\/\/totemguard.com\/netsupport-notify\/wp-json\/wp\/v2\/media?parent=532"}],"curies":[{"name":"wp","href":"https:\/\/api.w.org\/{rel}","templated":true}]}}