{"id":1271,"date":"2020-10-20T14:54:31","date_gmt":"2020-10-20T14:54:31","guid":{"rendered":"https:\/\/totemguard.com\/altaro\/altaro-endpoint-backup-precios-cloned-at-2020-10-21-083910\/"},"modified":"2026-03-30T14:16:05","modified_gmt":"2026-03-30T14:16:05","slug":"backup-office-365-precios","status":"publish","type":"page","link":"https:\/\/totemguard.com\/altaro\/backup-office-365-precios\/","title":{"rendered":"Altaro Backup Office 365 Precios"},"content":{"rendered":"<p><img loading=\"lazy\" decoding=\"async\" class=\"op3-element__image op3-element-image__image\" src=\"https:\/\/www.totemguard.com\/img\/NetSupport-DNA\/Totemguard-banner.png\" alt=\"Logo banner Totem\" title=\"Logo banner Totem\" width=\"1000\" height=\"175\" data-op3-attachment-id=\"\" \/><img loading=\"lazy\" decoding=\"async\" class=\"op3-element__image op3-element-image__image\" src=\"https:\/\/totemguard.com\/altaro\/wp-content\/uploads\/HS_Logo_black_3c_RZ.png\" alt=\"HS Black Logo\" title=\"HS Black Logo\" width=\"1240\" height=\"614\" data-op3-attachment-id=\"1727\" \/><img loading=\"lazy\" decoding=\"async\" class=\"op3-element__image op3-element-image__image\" src=\"https:\/\/totemguard.com\/altaro\/wp-content\/uploads\/altaro-hornetsecurity-logo.png\" alt=\"Altaro Hornet Logo\" title=\"Altaro Hornet Logo\" width=\"165\" height=\"40\" data-op3-attachment-id=\"1630\" \/><\/p>\n<h2>Tu tranquilidad vale bien poco<\/h2>\n<p>Con una suscripci\u00f3n mensual a 365 Total Backup tendr\u00e1s tu M365 controlado y automatizado<\/p>\n<p>Ampl\u00eda a 365 Total Protection Enterprise Backup para mayor seguridad y cumplimiento normativo del email<\/p>\n<h4>Suscripci\u00f3n mensual<\/h4>\n<p>Suscripci\u00f3n m\u00ednima de 10 buzones por a\u00f1o <\/p>\n<h4>Escalable<\/h4>\n<p>Escala a cientos de miles de usuarios si tu empresa crece.<\/p>\n<h4>24\/7 Soporte t\u00e9cnico <\/h4>\n<p>&nbsp;Si necesitas restaurar datos tras un incidente, siempre puedes contactarnos para que te asistamos.<\/p>\n<h4>Almacenamiento ilimitado<\/h4>\n<p>Backup automatizado hasta 4 veces al d\u00eda sin l\u00edmite de espacio ni tiempo de retenci\u00f3n<\/p>\n<p><img loading=\"lazy\" decoding=\"async\" class=\"op3-element__image op3-element-image__image\" src=\"https:\/\/totemguard.com\/altaro\/wp-content\/uploads\/madeEU.png\" alt=\"madeEU\" title=\"madeEU\" width=\"212\" height=\"146\" data-op3-attachment-id=\"3230\" \/><img loading=\"lazy\" decoding=\"async\" class=\"op3-element__image op3-element-image__image\" src=\"https:\/\/totemguard.com\/altaro\/wp-content\/uploads\/GDPR-1.png\" alt=\"GDPR EU\" title=\"GDPR EU\" width=\"273\" height=\"154\" data-op3-attachment-id=\"3229\" \/><img loading=\"lazy\" decoding=\"async\" class=\"op3-element__image op3-element-image__image\" src=\"https:\/\/totemguard.com\/altaro\/wp-content\/uploads\/Certificado-ENS.jpeg\" alt=\"\" title=\"Certificado ENS\" width=\"200\" height=\"231\" data-op3-attachment-id=\"2182\" \/><img loading=\"lazy\" decoding=\"async\" class=\"op3-element__image op3-element-image__image\" src=\"https:\/\/totemguard.com\/altaro\/wp-content\/uploads\/365-tp-dashboard.png\" alt=\"365-tp-dashboard\" title=\"365-tp-dashboard\" width=\"2540\" height=\"1070\" data-op3-attachment-id=\"3627\" \/><\/p>\n<h2>Escoge el paquete con el nivel de seguridad que necesitas<\/h2>\n<p>SIN COSTES INICIALES<\/p>\n<h2>Paga por uso y buz\u00f3n<\/h2>\n<p>Con la suscripci\u00f3n de 365 Total Backup nunca pagar\u00e1s m\u00e1s de la cuenta.<\/p>\n<p>Paga por consumo real, es decir s\u00f3lo por los usuarios que necesitesPaga a mes vencidoDescuentos por volumen<\/p>\n<h2>365 Total Backup<\/h2>\n<p>Copia de seguridad automatizada y restablecimiento de Microsoft 365<\/p>\n<p><a aria-label=\"Button link\" href=\"\" class=\"op3-element__tcp--non-a op3-link op3-background-ancestor\" target=\"_self\"  data-op-action=\"link\" data-op-select-funnel-step=\"\" data-op3-smooth-scroll=\"\" data-op-effect-style=\"\" data-op-effect-style-hover=\"\" data-op-courseaction=\"\">2,75\u20ac<\/a><\/p>\n<p>mensual por usuario de M365<\/p>\n<p>Backup y restauraci\u00f3n:<\/p>\n<p>Buzones de correo de grupos y usuarios de Microsoft 365Bibliotecas de documentos de Sharepoint y OneDriveChats de TeamsEndpoints de usuario basados en Windows<a aria-label=\"Button link\" class=\"op3-element__tcp--non-a op3-link op3-background-ancestor\" target=\"_self\"  data-op-action=\"popoverlay\" data-op-popoverlay-trigger=\"L4J1oynC\" data-op-select-funnel-step=\"\" data-op3-smooth-scroll=\"\" data-op-effect-style=\"\" data-op-effect-style-hover=\"\" data-op-courseaction=\"\" href=\"#\">Solicita un presupuesto<\/a><\/p>\n<h2>365 Total Protection Enterprise Backup<\/h2>\n<p>Protecci\u00f3n avanazada para tu correo electr\u00f3nico y amenazas crecientes<\/p>\n<p><a aria-label=\"Button link\" href=\"\" class=\"op3-element__tcp--non-a op3-link op3-background-ancestor\" target=\"_self\"  data-op-action=\"link\" data-op-select-funnel-step=\"\" data-op3-smooth-scroll=\"\" data-op-effect-style=\"\" data-op-effect-style-hover=\"\" data-op-courseaction=\"\">6\u20ac<\/a><\/p>\n<p>mensual por usuario de M365<\/p>\n<p>Incluye 365 Total Backup m\u00e1s:<\/p>\n<p>Mayor grado de detecci\u00f3n de spam y malware que Outlook Filtrado basado en IA para detectar ataques sofisticadosCifrado global S\/MIME y PGPAn\u00e1lisis forense y sandbox ATPActivaci\u00f3n inmediata del correo electr\u00f3nico sin interrupcionesControl Malware URLY mucho m\u00e1s<a aria-label=\"Button link\" href=\"https:\/\/totemguard.com\/365-total-protection\/plan-4\/\" class=\"op3-element__tcp--non-a op3-link op3-background-ancestor\" target=\"_blank\" rel=\"nofollow\" data-op-action=\"link\" data-op-select-funnel-step=\"\" data-op3-smooth-scroll=\"\" data-op-effect-style=\"\" data-op-effect-style-hover=\"\" data-op-courseaction=\"\">M\u00e1s informaci\u00f3n<\/a><\/p>\n<h2>365 Total Protection Plan 4<\/h2>\n<p>Seguridad de correo electr\u00f3nico, backup, cumplimiento y concienciaci\u00f3n en seguridad<\/p>\n<p><a aria-label=\"Button link\" href=\"\" class=\"op3-element__tcp--non-a op3-link op3-background-ancestor\" target=\"_self\"  data-op-action=\"link\" data-op-select-funnel-step=\"\" data-op3-smooth-scroll=\"0\" data-op-effect-style=\"\" data-op-effect-style-hover=\"\" data-op-courseaction=\"\">12\u20ac<\/a><\/p>\n<p>mensual por usuario de M365<\/p>\n<p>Incluye 365 Total Backup m\u00e1s:<\/p>\n<p>Mayor grado de detecci\u00f3n de spam y malware que Outlook Filtrado basado en IA para detectar ataques sofisticadosAn\u00e1lisis forense y sandbox ATPCifrado global S\/MIME y PGPControl Malware URL365 Permission ManagerSecurity Awareness TrainingAI Recipient ValidationY mucho m\u00e1s<a aria-label=\"Button link\" href=\"https:\/\/totemguard.com\/365-total-protection\/plan-4\/\" class=\"op3-element__tcp--non-a op3-link op3-background-ancestor\" target=\"_blank\" rel=\"nofollow\" data-op-action=\"link\" data-op-select-funnel-step=\"\" data-op3-smooth-scroll=\"0\" data-op-effect-style=\"\" data-op-effect-style-hover=\"\" data-op-courseaction=\"\">M\u00e1s informaci\u00f3n<\/a><\/p>\n<h2>Preguntas frecuentes <\/h2>\n<p>\u00bfQu\u00e9 est\u00e1 incluido en el precio?<\/p>\n<p>La tarifa de suscripci\u00f3n incluye backup, almacenamiento, soporte y acceso a nuestra consola de administraci\u00f3n cloud para la administraci\u00f3n centralizada de todas las cuentas de tus usuarios de 365 Total Backup.<\/p>\n<p>\u00bfC\u00f3mo se cobra la suscripci\u00f3n?<\/p>\n<p>El pago es por usuario. Por usuario, se entiende un buz\u00f3n de correo, un buz\u00f3n compartido, una cuenta OneDrive o una cuenta compartida OneDrive. Cada uno requerir\u00e1 una licencia. Ahora bien, si un usuario individual tiene un buz\u00f3n y una cuenta OneDrive, contar\u00e1 de cara a contrataci\u00f3n como UN SOLO usuario.<\/p>\n<p>Las cuentas SharePoint se respaldan GRATIS siempre y cuando est\u00e9n habilitados los backups de OneDrive.<\/p>\n<p>Finalmente, si un buz\u00f3n de correo est\u00e1 compartido por varios usuarios, se cobrar\u00e1 \u00daNICAMENTE por ese buz\u00f3n, en vez de por el n\u00famero de personas que accedan.<\/p>\n<p>Como puedes ver, las tarifas se aplican con mucha generosidad. <\/p>\n<p>\u00bfPuedo borrar mi cuenta en cualquier momento?<\/p>\n<p>Hay un contrato de permanencia de 1 a\u00f1o. Tras este periodo puedes de parar tu suscripci\u00f3n en cualquier momento.<\/p>\n<p>Estoy interesado para un cliente. \u00bfTengo que comprar otra licencia separada para \u00e9l?<\/p>\n<p>No, los clientes no necesitan comprar licencias separadas. No hay costes adicionales involucrados.<\/p>\n<p>He visto que la copia de seguridad se hace en la nube de Azure. \u00bfTengo que contratar adem\u00e1s el almacenamiento de Azure?<\/p>\n<p>No. Con tu licencia de 365 Total Backup se incluye tambi\u00e9n el almacenamiento de los backups en la nube de Azure, sin coste adicional.<\/p>\n<p>Me gustar\u00eda pasar de la versi\u00f3n de prueba a la de pago. \u00bfQu\u00e9 tengo que hacer?<\/p>\n<p>Env\u00ede un correo electr\u00f3nico a <a href=\"mailto:comercial@totemguard.com\" target=\"_blank\">comercial@totemguard.com<\/a>.<\/p>\n<p><a aria-label=\"Button link\" href=\"https:\/\/totemguard.com\/altaro\/backup-office-365-beneficios-usuario-final\/\" class=\"op3-element__tcp--non-a op3-link op3-background-ancestor\" target=\"_blank\" rel=\"nofollow\" data-op-action=\"link\" data-op-select-funnel-step=\"\" data-op3-smooth-scroll=\"0\" data-op-effect-style=\"\" data-op-effect-style-hover=\"\" data-op-courseaction=\"\">Conoce 365 Total Backup<\/a><\/p>\n<p>Contacta con nosotros:<\/p>\n<p>Ronda General Mitre 126, Planta 6<br \/>\n08021 Barcelona<\/p>\n<p>Tel. 93 200 00 88<\/p>\n<p>comercial@totemguard.com<\/p>\n<p>Nuestros productos<\/p>\n<p><img loading=\"lazy\" decoding=\"async\" class=\"op3-element__image op3-element-image__image\" src=\"https:\/\/totemguard.com\/img\/totemfootericons\/dnaico.png\" alt=\"DNA Icon\" title=\"\" width=\"512\" height=\"256\" data-op3-attachment-id=\"\" \/><\/p>\n<p><a href=\"https:\/\/totemguard.com\/netsupport-dna\/inventario-hardware-software-licencias\/\">NetSupport DNA<\/a><\/p>\n<p><img loading=\"lazy\" decoding=\"async\" class=\"op3-element__image op3-element-image__image\" src=\"https:\/\/totemguard.com\/img\/totemfootericons\/nsmico.png\" alt=\"NSM Ico\" title=\"\" width=\"26\" height=\"26\" data-op3-attachment-id=\"\" \/><\/p>\n<p><a href=\"https:\/\/totemguard.com\/netsupport-manager\/control-remoto-windows-linux-mac\/\">NetSupport Manager<\/a><\/p>\n<p><img loading=\"lazy\" decoding=\"async\" class=\"op3-element__image op3-element-image__image\" src=\"https:\/\/totemguard.com\/img\/totemfootericons\/nssico.png\" alt=\"NSS Ico\" title=\"\" width=\"26\" height=\"26\" data-op3-attachment-id=\"\" \/><\/p>\n<p><a href=\"https:\/\/totemguard.com\/netsupport-school\/control-gestion-aula-tic\/\">NetSupport School<\/a><\/p>\n<p><img loading=\"lazy\" decoding=\"async\" class=\"op3-element__image op3-element-image__image\" src=\"https:\/\/totemguard.com\/img\/totemfootericons\/nsnico.png\" alt=\"NSN Ico\" title=\"\" width=\"26\" height=\"26\" data-op3-attachment-id=\"\" \/><\/p>\n<p><a href=\"https:\/\/totemguard.com\/netsupport-notify\/mensajes-ordenadores-red\/\">NetSupport Notify<\/a><\/p>\n<\/p>\n<p><img loading=\"lazy\" decoding=\"async\" class=\"op3-element__image op3-element-image__image\" src=\"https:\/\/totemguard.com\/img\/totemfootericons\/247connectico.png\" alt=\"247 Ico\" title=\"\" width=\"26\" height=\"26\" data-op3-attachment-id=\"\" \/><\/p>\n<p><a href=\"https:\/\/totemguard.com\/247-connect\/control-remoto-seguro-en-la-nube\/\">NetSupport 247 Connect<\/a><\/p>\n<p><img loading=\"lazy\" decoding=\"async\" class=\"op3-element__image op3-element-image__image\" src=\"https:\/\/totemguard.com\/img\/totemfootericons\/logo-icon-color-compass.png\" alt=\"OA Compass ico\" title=\"\" width=\"26\" height=\"26\" data-op3-attachment-id=\"\" \/><\/p>\n<p><a href=\"https:\/\/totemguard.com\/openathens-compass\/gestion-centralizada-recursos-electronicos\/\">OpenAthens Compass<\/a><\/p>\n<p><img loading=\"lazy\" decoding=\"async\" class=\"op3-element__image op3-element-image__image\" src=\"https:\/\/totemguard.com\/img\/totemfootericons\/Altaro-logo-1.png\" alt=\"VM Backup Ico\" title=\"\" width=\"26\" height=\"26\" data-op3-attachment-id=\"\" \/><\/p>\n<p><a href=\"https:\/\/totemguard.com\/altaro\/\">Altaro VM Backup<\/a><\/p>\n<p><img loading=\"lazy\" decoding=\"async\" class=\"op3-element__image op3-element-image__image\" src=\"https:\/\/totemguard.com\/img\/totemfootericons\/o-icon-svg-1.png\" alt=\"365 Backup Ico\" title=\"\" width=\"26\" height=\"25\" data-op3-attachment-id=\"\" \/><\/p>\n<p><a href=\"https:\/\/totemguard.com\/altaro\/backup-office-365\/\">365 Total Backup<\/a><\/p>\n<\/p>\n<p><img loading=\"lazy\" decoding=\"async\" class=\"op3-element__image op3-element-image__image\" src=\"https:\/\/totemguard.com\/img\/totemfootericons\/hornetfavicon.png\" alt=\"hornet security ico\" title=\"\" width=\"26\" height=\"26\" data-op3-attachment-id=\"\" \/><\/p>\n<p><a href=\"https:\/\/totemguard.com\/365-total-protection\/\">Total Protection<\/a><\/p>\n<p><img loading=\"lazy\" decoding=\"async\" class=\"op3-element__image op3-element-image__image\" src=\"https:\/\/totemguard.com\/img\/totemfootericons\/hornetfavicon.png\" alt=\"hornet security ico\" title=\"\" width=\"26\" height=\"26\" data-op3-attachment-id=\"\" \/><\/p>\n<p><a href=\"https:\/\/totemguard.com\/security-awareness-training\/\">Security Awareness Service<\/a><\/p>\n<p>\u00a9 2022 TotemGuard Digital Security &#8211; Ronda General Mitre, 126, Planta 6, 08021 Barcelona &#8211; Tel. 932 00 00 88 &#8211;&nbsp;<a href=\"https:\/\/www.totemguard.com\/terminos-y-condiciones\" target=\"_blank;\" style=\"font-size: 9px; font-family: &quot;PT Sans&quot;, sans-serif; color: rgb(46, 130, 188); background-color: rgb(255, 255, 255);\">Pol\u00edtica de privacidad, Cookies y Aviso Legal<\/a><\/p>\n","protected":false},"excerpt":{"rendered":"<p>Tu tranquilidad vale bien poco Con una suscripci\u00f3n mensual a 365 Total Backup tendr\u00e1s tu M365 controlado y automatizado Ampl\u00eda a 365 Total Protection Enterprise Backup para mayor seguridad y cumplimiento normativo del email Suscripci\u00f3n mensual Suscripci\u00f3n m\u00ednima de 10 buzones por a\u00f1o Escalable Escala a cientos de miles de usuarios si tu empresa crece. &hellip; <\/p>\n<p class=\"link-more\"><a href=\"https:\/\/totemguard.com\/altaro\/backup-office-365-precios\/\" class=\"more-link\">Seguir leyendo<span class=\"screen-reader-text\"> \u00abAltaro Backup Office 365 Precios\u00bb<\/span><\/a><\/p>\n","protected":false},"author":1,"featured_media":0,"parent":0,"menu_order":0,"comment_status":"closed","ping_status":"closed","template":"op_builder_blank","meta":{"footnotes":"","_links_to":"","_links_to_target":""},"class_list":["post-1271","page","type-page","status-publish","hentry","entry"],"yoast_head":"<!-- This site is optimized with the Yoast SEO plugin v27.3 - https:\/\/yoast.com\/product\/yoast-seo-wordpress\/ -->\n<title>Altaro Backup Office 365 Precios - Altaro<\/title>\n<meta name=\"description\" content=\"Altaro Endpoint Backup es el mejor Software para realizar copias de seguridad de PCs y Portatiles WIndows. Realiza las copias de seguridad de los equipos WIndows de tus clientes\" \/>\n<meta name=\"robots\" content=\"index, follow, max-snippet:-1, max-image-preview:large, max-video-preview:-1\" \/>\n<link rel=\"canonical\" href=\"https:\/\/totemguard.com\/altaro\/backup-office-365-precios\/\" \/>\n<meta property=\"og:locale\" content=\"es_ES\" \/>\n<meta property=\"og:type\" content=\"article\" \/>\n<meta property=\"og:title\" content=\"Altaro Backup Office 365 Precios - Altaro\" \/>\n<meta property=\"og:description\" content=\"Altaro Endpoint Backup es el mejor Software para realizar copias de seguridad de PCs y Portatiles WIndows. Realiza las copias de seguridad de los equipos WIndows de tus clientes\" \/>\n<meta property=\"og:url\" content=\"https:\/\/totemguard.com\/altaro\/backup-office-365-precios\/\" \/>\n<meta property=\"og:site_name\" content=\"Altaro\" \/>\n<meta property=\"article:modified_time\" content=\"2026-03-30T14:16:05+00:00\" \/>\n<meta property=\"og:image\" content=\"https:\/\/www.totemguard.com\/img\/NetSupport-DNA\/Totemguard-banner.png\" \/>\n<meta name=\"twitter:card\" content=\"summary_large_image\" \/>\n<meta name=\"twitter:label1\" content=\"Tiempo de lectura\" \/>\n\t<meta name=\"twitter:data1\" content=\"3 minutos\" \/>\n<script type=\"application\/ld+json\" class=\"yoast-schema-graph\">{\"@context\":\"https:\\\/\\\/schema.org\",\"@graph\":[{\"@type\":\"WebPage\",\"@id\":\"https:\\\/\\\/totemguard.com\\\/altaro\\\/backup-office-365-precios\\\/\",\"url\":\"https:\\\/\\\/totemguard.com\\\/altaro\\\/backup-office-365-precios\\\/\",\"name\":\"Altaro Backup Office 365 Precios - Altaro\",\"isPartOf\":{\"@id\":\"https:\\\/\\\/totemguard.com\\\/altaro\\\/#website\"},\"primaryImageOfPage\":{\"@id\":\"https:\\\/\\\/totemguard.com\\\/altaro\\\/backup-office-365-precios\\\/#primaryimage\"},\"image\":{\"@id\":\"https:\\\/\\\/totemguard.com\\\/altaro\\\/backup-office-365-precios\\\/#primaryimage\"},\"thumbnailUrl\":\"https:\\\/\\\/www.totemguard.com\\\/img\\\/NetSupport-DNA\\\/Totemguard-banner.png\",\"datePublished\":\"2020-10-20T14:54:31+00:00\",\"dateModified\":\"2026-03-30T14:16:05+00:00\",\"description\":\"Altaro Endpoint Backup es el mejor Software para realizar copias de seguridad de PCs y Portatiles WIndows. Realiza las copias de seguridad de los equipos WIndows de tus clientes\",\"breadcrumb\":{\"@id\":\"https:\\\/\\\/totemguard.com\\\/altaro\\\/backup-office-365-precios\\\/#breadcrumb\"},\"inLanguage\":\"es\",\"potentialAction\":[{\"@type\":\"ReadAction\",\"target\":[\"https:\\\/\\\/totemguard.com\\\/altaro\\\/backup-office-365-precios\\\/\"]}]},{\"@type\":\"ImageObject\",\"inLanguage\":\"es\",\"@id\":\"https:\\\/\\\/totemguard.com\\\/altaro\\\/backup-office-365-precios\\\/#primaryimage\",\"url\":\"https:\\\/\\\/www.totemguard.com\\\/img\\\/NetSupport-DNA\\\/Totemguard-banner.png\",\"contentUrl\":\"https:\\\/\\\/www.totemguard.com\\\/img\\\/NetSupport-DNA\\\/Totemguard-banner.png\"},{\"@type\":\"BreadcrumbList\",\"@id\":\"https:\\\/\\\/totemguard.com\\\/altaro\\\/backup-office-365-precios\\\/#breadcrumb\",\"itemListElement\":[{\"@type\":\"ListItem\",\"position\":1,\"name\":\"Portada\",\"item\":\"https:\\\/\\\/totemguard.com\\\/altaro\\\/\"},{\"@type\":\"ListItem\",\"position\":2,\"name\":\"Altaro Backup Office 365 Precios\"}]},{\"@type\":\"WebSite\",\"@id\":\"https:\\\/\\\/totemguard.com\\\/altaro\\\/#website\",\"url\":\"https:\\\/\\\/totemguard.com\\\/altaro\\\/\",\"name\":\"Altaro\",\"description\":\"Altaro, Hyper-V, VMware Backup y Replicaci\u00f3n\",\"potentialAction\":[{\"@type\":\"SearchAction\",\"target\":{\"@type\":\"EntryPoint\",\"urlTemplate\":\"https:\\\/\\\/totemguard.com\\\/altaro\\\/?s={search_term_string}\"},\"query-input\":{\"@type\":\"PropertyValueSpecification\",\"valueRequired\":true,\"valueName\":\"search_term_string\"}}],\"inLanguage\":\"es\"}]}<\/script>\n<!-- \/ Yoast SEO plugin. -->","yoast_head_json":{"title":"Altaro Backup Office 365 Precios - Altaro","description":"Altaro Endpoint Backup es el mejor Software para realizar copias de seguridad de PCs y Portatiles WIndows. Realiza las copias de seguridad de los equipos WIndows de tus clientes","robots":{"index":"index","follow":"follow","max-snippet":"max-snippet:-1","max-image-preview":"max-image-preview:large","max-video-preview":"max-video-preview:-1"},"canonical":"https:\/\/totemguard.com\/altaro\/backup-office-365-precios\/","og_locale":"es_ES","og_type":"article","og_title":"Altaro Backup Office 365 Precios - Altaro","og_description":"Altaro Endpoint Backup es el mejor Software para realizar copias de seguridad de PCs y Portatiles WIndows. Realiza las copias de seguridad de los equipos WIndows de tus clientes","og_url":"https:\/\/totemguard.com\/altaro\/backup-office-365-precios\/","og_site_name":"Altaro","article_modified_time":"2026-03-30T14:16:05+00:00","og_image":[{"url":"https:\/\/www.totemguard.com\/img\/NetSupport-DNA\/Totemguard-banner.png","type":"","width":"","height":""}],"twitter_card":"summary_large_image","twitter_misc":{"Tiempo de lectura":"3 minutos"},"schema":{"@context":"https:\/\/schema.org","@graph":[{"@type":"WebPage","@id":"https:\/\/totemguard.com\/altaro\/backup-office-365-precios\/","url":"https:\/\/totemguard.com\/altaro\/backup-office-365-precios\/","name":"Altaro Backup Office 365 Precios - Altaro","isPartOf":{"@id":"https:\/\/totemguard.com\/altaro\/#website"},"primaryImageOfPage":{"@id":"https:\/\/totemguard.com\/altaro\/backup-office-365-precios\/#primaryimage"},"image":{"@id":"https:\/\/totemguard.com\/altaro\/backup-office-365-precios\/#primaryimage"},"thumbnailUrl":"https:\/\/www.totemguard.com\/img\/NetSupport-DNA\/Totemguard-banner.png","datePublished":"2020-10-20T14:54:31+00:00","dateModified":"2026-03-30T14:16:05+00:00","description":"Altaro Endpoint Backup es el mejor Software para realizar copias de seguridad de PCs y Portatiles WIndows. Realiza las copias de seguridad de los equipos WIndows de tus clientes","breadcrumb":{"@id":"https:\/\/totemguard.com\/altaro\/backup-office-365-precios\/#breadcrumb"},"inLanguage":"es","potentialAction":[{"@type":"ReadAction","target":["https:\/\/totemguard.com\/altaro\/backup-office-365-precios\/"]}]},{"@type":"ImageObject","inLanguage":"es","@id":"https:\/\/totemguard.com\/altaro\/backup-office-365-precios\/#primaryimage","url":"https:\/\/www.totemguard.com\/img\/NetSupport-DNA\/Totemguard-banner.png","contentUrl":"https:\/\/www.totemguard.com\/img\/NetSupport-DNA\/Totemguard-banner.png"},{"@type":"BreadcrumbList","@id":"https:\/\/totemguard.com\/altaro\/backup-office-365-precios\/#breadcrumb","itemListElement":[{"@type":"ListItem","position":1,"name":"Portada","item":"https:\/\/totemguard.com\/altaro\/"},{"@type":"ListItem","position":2,"name":"Altaro Backup Office 365 Precios"}]},{"@type":"WebSite","@id":"https:\/\/totemguard.com\/altaro\/#website","url":"https:\/\/totemguard.com\/altaro\/","name":"Altaro","description":"Altaro, Hyper-V, VMware Backup y Replicaci\u00f3n","potentialAction":[{"@type":"SearchAction","target":{"@type":"EntryPoint","urlTemplate":"https:\/\/totemguard.com\/altaro\/?s={search_term_string}"},"query-input":{"@type":"PropertyValueSpecification","valueRequired":true,"valueName":"search_term_string"}}],"inLanguage":"es"}]}},"_links":{"self":[{"href":"https:\/\/totemguard.com\/altaro\/wp-json\/wp\/v2\/pages\/1271","targetHints":{"allow":["GET"]}}],"collection":[{"href":"https:\/\/totemguard.com\/altaro\/wp-json\/wp\/v2\/pages"}],"about":[{"href":"https:\/\/totemguard.com\/altaro\/wp-json\/wp\/v2\/types\/page"}],"author":[{"embeddable":true,"href":"https:\/\/totemguard.com\/altaro\/wp-json\/wp\/v2\/users\/1"}],"replies":[{"embeddable":true,"href":"https:\/\/totemguard.com\/altaro\/wp-json\/wp\/v2\/comments?post=1271"}],"version-history":[{"count":105,"href":"https:\/\/totemguard.com\/altaro\/wp-json\/wp\/v2\/pages\/1271\/revisions"}],"predecessor-version":[{"id":3631,"href":"https:\/\/totemguard.com\/altaro\/wp-json\/wp\/v2\/pages\/1271\/revisions\/3631"}],"wp:attachment":[{"href":"https:\/\/totemguard.com\/altaro\/wp-json\/wp\/v2\/media?parent=1271"}],"curies":[{"name":"wp","href":"https:\/\/api.w.org\/{rel}","templated":true}]}}